the prime factors of 12189013?
19, 41, 15647
What are the prime factors of 1332664?
2, 17, 41, 239
What are the prime factors of 1467658?
2, 733829
List the prime factors of 2427817.
7, 346831
What are the prime factors of 1444502?
2, 101, 7151
What are the prime factors of 340921?
7, 113, 431
What are the prime factors of 506533?
506533
List the prime factors of 166228.
2, 29, 1433
What are the prime factors of 7501825?
5, 300073
List the prime factors of 29074262.
2, 7, 599, 3467
List the prime factors of 219106.
2, 71, 1543
List the prime factors of 11911355.
5, 23, 103577
What are the prime factors of 7934521?
7, 113, 1433
List the prime factors of 209856.
2, 3, 1093
List the prime factors of 53351.
31, 1721
What are the prime factors of 225975?
3, 5, 23, 131
What are the prime factors of 10451722?
2, 193, 27077
List the prime factors of 1088434.
2, 19, 28643
What are the prime factors of 678167?
7, 19, 5099
List the prime factors of 5575447.
5575447
What are the prime factors of 588261?
3, 196087
List the prime factors of 3465516.
2, 3, 107, 2699
What are the prime factors of 1526694?
2, 3, 13, 23, 37
List the prime factors of 126883.
31, 4093
What are the prime factors of 2514531?
3, 97, 8641
What are the prime factors of 179346?
2, 3, 71, 421
What are the prime factors of 355519?
355519
What are the prime factors of 172372?
2, 43093
What are the prime factors of 1456609?
7, 11, 18917
What are the prime factors of 282580?
2, 5, 71, 199
What are the prime factors of 814857?
3, 271619
What are the prime factors of 1104973?
71, 79, 197
List the prime factors of 7091496.
2, 3, 32831
What are the prime factors of 45153?
3, 29, 173
What are the prime factors of 9729133?
31, 157, 1999
List the prime factors of 303373.
7, 19, 2281
List the prime factors of 748660.
2, 5, 11, 41, 83
List the prime factors of 2435065.
5, 487013
What are the prime factors of 98855?
5, 17, 1163
What are the prime factors of 450693?
3, 50077
What are the prime factors of 786314?
2, 393157
What are the prime factors of 286184?
2, 83, 431
List the prime factors of 7019486.
2, 71, 49433
What are the prime factors of 466367?
11, 42397
List the prime factors of 15790480.
2, 5, 197381
What are the prime factors of 390981?
3, 53, 2459
What are the prime factors of 220200?
2, 3, 5, 367
List the prime factors of 168489.
3, 97, 193
List the prime factors of 13339.
13339
List the prime factors of 1647719.
1647719
What are the prime factors of 354067?
7, 50581
List the prime factors of 10163216.
2, 7, 103, 881
List the prime factors of 91626.
2, 3, 15271
What are the prime factors of 178936?
2, 22367
What are the prime factors of 579875?
5, 4639
List the prime factors of 5111425.
5, 11, 18587
What are the prime factors of 2767547?
367, 7541
List the prime factors of 166356.
2, 3, 4621
What are the prime factors of 2299595?
5, 193, 2383
What are the prime factors of 886122?
2, 3, 19, 2591
List the prime factors of 89050.
2, 5, 13, 137
What are the prime factors of 1322921?
1322921
What are the prime factors of 1295469?
3, 7, 20563
List the prime factors of 483802.
2, 11, 21991
List the prime factors of 6045146.
2, 193, 15661
List the prime factors of 14109.
3, 4703
What are the prime factors of 633545?
5, 11, 11519
List the prime factors of 377737.
377737
What are the prime factors of 1498108?
2, 17, 22031
What are the prime factors of 3978560?
2, 5, 12433
What are the prime factors of 375172?
2, 7, 13399
List the prime factors of 399793.
399793
What are the prime factors of 4614589?
7, 61, 101, 107
What are the prime factors of 6598676?
2, 7, 463, 509
What are the prime factors of 10089702?
2, 3, 7, 80077
List the prime factors of 127469.
41, 3109
What are the prime factors of 883458?
2, 3, 49081
What are the prime factors of 8272104?
2, 3, 344671
What are the prime factors of 2373400?
2, 5, 11867
What are the prime factors of 1205946?
2, 3, 7, 17, 563
What are the prime factors of 7879397?
103, 227, 337
List the prime factors of 5955886.
2, 479, 6217
List the prime factors of 178240.
2, 5, 557
What are the prime factors of 319645?
5, 63929
What are the prime factors of 362780?
2, 5, 11, 17, 97
What are the prime factors of 20038438?
2, 7, 1431317
What are the prime factors of 1073613?
3, 113, 3167
List the prime factors of 118336.
2, 43
List the prime factors of 5693586.
2, 3, 349, 2719
List the prime factors of 1863232.
2, 7, 4159
What are the prime factors of 880979?
11, 283
List the prime factors of 156403.
13, 53, 227
What are the prime factors of 100615?
5, 20123
What are the prime factors of 522399?
3, 23, 67, 113
What are the prime factors of 33261907?
7, 4751701
What are the prime factors of 4784965?
5, 956993
What are the prime factors of 1801801?
59, 30539
What are the prime factors of 12293?
19, 647
What are the prime factors of 143070?
2, 3, 5, 19, 251
List the prime factors of 935681.
59, 15859
What are the prime factors of 25240588?
2, 19, 332113
What are the prime factors of 3024404?
2, 756101
List the prime factors of 23566889.
23566889
List the prime factors of 1830035.
5, 41, 79, 113
What are the prime factors of 496698?
2, 3, 19, 4357
What are the prime factors of 1180901?
1180901
What are the prime factors of 249871?
249871
List the prime factors of 96733.
7, 13, 1063
What are the prime factors of 17620649?
17620649
List the prime factors of 149362.
2, 17, 23, 191
What are the prime factors of 241903?
241903
List the prime factors of 2956455.
3, 5, 65699
List the prime factors of 11598.
2, 3, 1933
List the prime factors of 6805437.
3, 857, 2647
What are the prime factors of 9364255?
5, 67, 27953
What are the prime factors of 812817?
3, 90313
List the prime factors of 4876793.
1033, 4721
What are the prime factors of 139099?
19, 7321
What are the prime factors of 23579376?
2, 3, 107, 4591
What are the prime factors of 85008?
2, 3, 7, 11, 23
List the prime factors of 140255.
5, 28051
What are the prime factors of 9594137?
7, 17, 37, 2179
What are the prime factors of 1139101?
79, 14419
What are the prime factors of 13816611?
3, 1535179
What are the prime factors of 2111644?
2, 43, 12277
What are the prime factors of 178864?
2, 7, 1597
What are the prime factors of 45251?
37, 1223
What are the prime factors of 11447539?
11447539
What are the prime factors of 2381687?
7, 11, 30931
List the prime factors of 779511.
3, 259837
List the prime factors of 548056.
2, 68507
What are the prime factors of 19753?
19753
List the prime factors of 779109.
3, 37, 7019
What are the prime factors of 8796962?
2, 19, 181, 1279
List the prime factors of 1769279.
311, 5689
List the prime factors of 174985.
5, 79, 443
List the prime factors of 5156793.
3, 47, 73, 167
List the prime factors of 1180314.
2, 3, 23, 2851
List the prime factors of 4299416.
2, 11, 48857
What are the prime factors of 9997179?
3, 3332393
List the prime factors of 3246389.
233, 13933
What are the prime factors of 171797?
149, 1153
List the prime factors of 91940.
2, 5, 4597
List the prime factors of 2301563.
11, 209233
What are the prime factors of 26956843?
26956843
List the prime factors of 205828.
2, 7, 7351
What are the prime factors of 1253815?
5, 29, 8647
List the prime factors of 6218066.
2, 53, 58661
What are the prime factors of 122811?
3, 13, 47, 67
List the prime factors of 55296.
2, 3
List the prime factors of 1400850.
2, 3, 5, 11, 283
List the prime factors of 117178.
2, 41, 1429
List the prime factors of 98669.
98669
What are the prime factors of 5289528?
2, 3, 433, 509
List the prime factors of 4041142.
2, 7, 288653
What are the prime factors of 4720597?
7, 674371
List the prime factors of 33082312.
2, 811, 5099
What are the prime factors of 293427?
3, 32603
What are the prime factors of 1512899?
1229, 1231
What are the prime factors of 3310551?
3, 23, 1777
What are the prime factors of 11085240?
2, 3, 5, 92377
What are the prime factors of 1799091?
3, 7, 19, 167
List the prime factors of 2980455.
3, 5, 23, 53, 163
What are the prime factors of 52877?
11, 19, 23
What are the prime factors of 8135036?
2, 7, 13, 22349
What are the prime factors of 153610?
2, 5, 15361
List the prime factors of 17148591.
3, 211711
What are the prime factors of 1878521?
839, 2239
What are the prime factors of 341